-d = -n, -4*n + 5 = -3*d + 2. Suppose 0*k - d*k + 9 = 0. Suppose -2*s - 7 = -5*x, 3*s - 7 = -s + k*x. What is the units digit of s?
4
Suppose 5*p = -1 + 21. Let z = p + 8. Suppose 3 = l - z. What is the tens digit of l?
1
Suppose 0*x = 3*x + n - 101, -5*x + 4*n = -140. What is the tens digit of x?
3
Suppose 112 = 6*i - 2*i. Let a = 66 + -46. Let y = i - a. What is the units digit of y?
8
Suppose -2*c - 111 = -n + 181, -2*c = -3*n + 876. What is the units digit of n?
2
Let n be -3 - (0 + -3)/(24/(-32)). Let l(u) = -6*u**2 - u**3 + 5*u - 3*u - 4 + 3*u. What is the tens digit of l(n)?
1
Suppose -s - s + i = -127, 0 = -2*s + 3*i + 117. What is the tens digit of s?
6
Let l be (189/(-12))/(-3)*4. Suppose -x - l = -4*x. What is the units digit of x?
7
Suppose 0 = l + 5 - 0. What is the units digit of l/(-2) + (-2)/(-4)?
3
Let f(t) be the first derivative of -2*t**2 - 7*t + 3. What is the tens digit of f(-5)?
1
Suppose -3*z - 5*s = -0*z - 695, 2*s + 892 = 4*z. What is the hundreds digit of z?
2
What is the tens digit of 2/(-3)*(-693)/14?
3
Suppose 5*i - 5 = -0*i - 5*p, i - 4*p - 21 = 0. What is the units digit of i?
5
Let z = -14 + 55. What is the tens digit of z?
4
Suppose 0 = 5*t + 3*b - 5, 0 = -t - b + 4*b - 17. Let m be 10/(-8)*2*t. Suppose 11 - 25 = -c - 2*q, -m*c = -2*q - 10. What is the units digit of c?
4
Suppose 0 = 5*o - 5*u, -5*o + 4 = 4*u - 32. Suppose -7*s - 32 = -o*m - 3*s, -4*m = -s - 26. What is the units digit of m?
6
Suppose 88 = 4*q - l, -4*l = 3*q - 6*l - 66. Suppose 12 = -4*p, -i + 2*p + q = 4*p. What is the tens digit of i?
2
Let i = 15 - 9. Let v = i + -2. Suppose 2*z - 52 = -3*m, -3*m + 24 = v*z - 38. What is the tens digit of m?
1
Let a = 8 - -20. What is the tens digit of a?
2
Suppose -2*q + t + 63 = 2*t, 5*q = -3*t + 159. What is the units digit of q?
0
Let p(s) = 11*s**3 + s. Let z be 5/7 - (-4)/14. What is the tens digit of p(z)?
1
Let j(q) = 2*q + 45. Let g(h) = -3*h - 67. Let n(k) = 6*k + 134. Let t(m) = 9*g(m) + 4*n(m). Let s(c) = -7*j(c) - 5*t(c). What is the tens digit of s(-10)?
1
Let l(f) = -f**3 + 4*f**2 + 13*f + 8. Let c be l(6). Let g = -12 + c. What is the units digit of g?
2
Let d = 4 + -4. Suppose d = -5*l - 2*u + 108, -5*u = 2*l - 2 - 37. What is the tens digit of l?
2
Suppose 7*j - 2 = 6*j. Suppose -j*r = 4*r - 12. What is the units digit of r?
2
Let s be 1*1/(-3)*0. Let k(u) = -u**2 - u + 15. What is the tens digit of k(s)?
1
Let g be (-2 + 5)/3*5. Let u be (-1)/(-2)*(-7 + g). Let t = u - -2. What is the units digit of t?
1
Suppose 2*a + 2*q = 16, 0 = -2*a + 8*q - 3*q + 23. Let o = 17 - a. Suppose -o = -2*u - 2. What is the units digit of u?
3
Let r(u) = -11*u**3 + 3*u**2 + 5*u + 5. What is the units digit of r(-2)?
5
Let z(n) = -n - 9. Let d = -23 - -10. What is the units digit of z(d)?
4
Let a(h) = -23*h + 1. Let m be a(-1). What is the units digit of (-2)/8 + 798/m?
3
Suppose -3*n = i - 5 + 2, 2*i + 2 = -2*n. What is the units digit of 28/8 + 1/n?
4
Let o(m) be the third derivative of -7*m**4/8 - m**3/6 - 6*m**2. What is the tens digit of o(-1)?
2
Let k be (2 + -2)/((-1)/(-1)). Suppose 0 = 2*q - 3*q - r + 6, k = -4*q + 3*r + 24. What is the units digit of q?
6
Let x(r) = -13*r**3 - 16*r**2 + 17*r - 20. Let o(q) = -3*q**3 - 4*q**2 + 4*q - 5. Let w(a) = 9*o(a) - 2*x(a). What is the units digit of w(-5)?
0
Let r(k) be the second derivative of k**3/3 + k**2 - 5*k. What is the units digit of r(2)?
6
What is the units digit of (-6)/14 - 312/(-42)?
7
Suppose 499 = 2*q + z + 76, 4*z + 618 = 3*q. What is the hundreds digit of q?
2
Suppose 4*z + 3310 = 14*z. What is the units digit of z?
1
Suppose -k + 2 = 0, -2*k - k + 36 = 5*s. Let b = 12 - s. What is the units digit of b?
6
What is the units digit of (-12)/(-27)*606 + 2/3?
0
What is the tens digit of ((-97)/(-4))/((-3)/(-6 - 6))?
9
Let v(u) = -u**2 - 6*u + 2. Let b be v(-6). Suppose -3*m = -p - 31, -p - 39 = -b*m - 4*p. Let k = 21 - m. What is the units digit of k?
9
Let t(f) = f - 3. What is the units digit of t(5)?
2
What is the hundreds digit of 1/((1292/(-648))/1 - -2)?
1
Suppose 0 = -7*d + 3*d + 88. What is the tens digit of d?
2
Let v be (-115 + 2)*(1 - 2). Suppose 0 = -3*f - 5*y + v, 2*f - 51 = f - 5*y. What is the tens digit of f?
3
Let o be -2 + 9 - 2/(-1). Suppose -6 = -3*z + o. What is the units digit of z?
5
Let t(y) = -y - 3. Let u be t(-6). Let d(r) = -r**2 - 3*r. Let w be d(-2). Suppose u*o = -z + w*z - 17, -2*o = 3*z - 7. What is the units digit of z?
5
What is the hundreds digit of (-5)/(-3 + -2)*105?
1
Suppose 220 = 4*y + 6*y. What is the units digit of y?
2
Let c = 65 - 39. What is the tens digit of c?
2
Let k be 18/27*21/(-2). Let o = -5 - k. What is the units digit of o?
2
Let y be (-12)/(-66) - (-42)/11. Let i = 2 + y. Suppose 4*x - 6 = i. What is the units digit of x?
3
Let b(o) = 31*o**3 - o**2 + 1. What is the tens digit of b(1)?
3
Let v(d) = 5*d**2 + 4*d + 3. Let w(l) = -4*l**2 - 4*l - 2. Let s(y) = 3*v(y) + 4*w(y). Let c be s(-3). Suppose -c*b = -2*b - 12. What is the units digit of b?
6
Let s(i) be the first derivative of 5*i**2/2 - 7*i - 2. What is the units digit of s(5)?
8
Let r = -29 - -205. What is the units digit of r?
6
Suppose 5*l - 23 = l - s, -3*l = 5*s - 30. Suppose -24 = l*c + 21. Let v = 13 + c. What is the units digit of v?
4
Suppose 3*m - 3*r - 30 = 2*m, 0 = m - 2*r - 31. What is the tens digit of m?
3
What is the units digit of 752/15 - 14/105?
0
Let g = 22 + 178. What is the hundreds digit of g?
2
Suppose -301 - 71 = -3*m. What is the tens digit of m?
2
Let y(i) = -4*i**2 - 4*i + 3. Let h be y(2). Let k be 2/(-8) + h/(-4). Suppose 8 = w - j, -4*w = 5*j + k - 19. What is the units digit of w?
6
Let v(z) be the third derivative of z**5/5 - z**4/24 + z**3/6 + z**2. Let g = 1 + 0. What is the tens digit of v(g)?
1
Suppose 0 = 4*t - 2*b - 230, 0 = t + 3*b - 17 - 44. What is the tens digit of t?
5
Let m(x) = -4*x**3 - 2*x**2 - x. Let h be m(-1). Let q be h - 2/4*0. Suppose -q*s + 8*s - 10 = 0. What is the units digit of s?
2
Suppose 5 = 2*a + 1. Suppose -21 = -5*q + 19. Suppose h - 3*h + q = o, -o + a*h = 0. What is the units digit of o?
4
Suppose p = -b + 8, 56 = -2*p + 6*p - 2*b. Let x(z) = -z**2 + 10*z + 8. Let a be x(p). Let l = 35 + a. What is the tens digit of l?
1
What is the units digit of (3700/44)/5 - (-2)/11?
7
Let c(b) = -b**3 + 4*b**2 + b + 4. Let p be c(4). Let w = p - 4. Suppose -15 = -z - w*z. What is the units digit of z?
3
Let f = 6 + -4. Let d(z) = 7*z. Let j be d(f). Suppose 4*o - j = 2. What is the units digit of o?
4
Let a(m) = m**3 - 12*m**2 + 14*m + 10. What is the units digit of a(11)?
3
Suppose 3*f = -5*z + 901, f - 5*z = -f + 609. What is the hundreds digit of f?
3
Suppose 0 = 4*j + 4*k - 7 - 5, -4*k = 0. What is the units digit of 2 + -1 + 15/j?
6
Suppose -3*q + 4*t = -831 + 4, t - 271 = -q. What is the hundreds digit of q?
2
Let o(n) = n**3 - 2*n**2 + 5*n - 5. Let j(t) = t**3 - 3*t**2 + 4*t - 5. Let i(s) = -6*j(s) + 5*o(s). What is the tens digit of i(8)?
1
Suppose 2*t = -6, -4*p + 6 - 1 = t. Suppose 3*d = 4*y - 27, p*y = -0*y - 4*d - 14. Suppose 0*k + 36 = y*k. What is the tens digit of k?
1
What is the tens digit of -57*((-2)/(-3))/(-1)?
3
Let r(v) = -v**3 + 14*v**2 + 2*v - 3. Let x be r(14). Suppose -7*t - x = -12*t. What is the units digit of t?
5
Let x be ((-2)/(-4))/(1/4). Suppose 9 = -x*r + 63. What is the units digit of r?
7
Let h = 20 + -7. Suppose -h*r + 115 = -8*r. What is the tens digit of r?
2
Let o = 70 - 47. What is the tens digit of o?
2
Suppose 5*n - 31 = -6. Suppose 4*w = 8, 0 = -5*k - 0*k - n*w + 100. What is the tens digit of k?
1
Let d(c) = -30*c - 58. What is the hundreds digit of d(-8)?
1
Let j(r) = 2*r + 10. Let z be j(-8). Let t = 9 - z. What is the units digit of t?
5
Let u = -83 - -232. What is the hundreds digit of u?
1
Let x be -2 + 7/(14/16). Let f = x - -10. What is the tens digit of f?
1
Let y = 0 - 2. Let q be 58/8*(2 - y). Let a = q + -15. What is the units digit of a?
4
Suppose 2*f - f = 2*n + 1, -3*f = n - 17. Suppose c - f = 0, -2*d + 3*c + 10 = -7. What is the units digit of d?
6
Let l(x) = -2*x - 3. Let s be 4/(-2)*7/2. Let i(y) = y**2 + 7*y - 7. Let j be i(s). What is the units digit of l(j)?
1
What is the units digit of (-2)/6*-341 - (-202)/(-303)?
